.
2
Let m(w) = w**2 + 11*w + 6. Give m(-7).
-22
Let a(j) = -38*j - 5. Give a(-1).
33
Let c(d) = -d - 10. What is c(-7)?
-3
Let t(v) = -v**2 + 22*v + 16. What is t(23)?
-7
Let t(d) = -d - 32. Calculate t(-7).
-25
Let a(n) = 8*n - 374. What is a(46)?
-6
Let b(v) = v**2 + 9*v. What is b(-9)?
0
Let d(o) = 2*o - 142. What is d(54)?
-34
Let h(d) = -8*d + 40. What is h(5)?
0
Let g(l) = -3*l + 51. Determine g(-10).
81
Let b(q) = q**3 + 5*q**2 - 6*q - 2. Determine b(-6).
-2
Let h(i) = 4*i**2 + 5*i - 5. What is h(2)?
21
Let m(i) = i**2 - 3*i. Calculate m(3).
0
Let y(s) = 11*s**3 + s**2. What is y(-1)?
-10
Let m(c) = c**3 - 10*c**2 + 8*c + 13. Calculate m(9).
4
Let n(i) = -2*i**3 - 42*i**2 + 2*i + 33. What is n(-21)?
-9
Let z(s) = -9*s - 101. Calculate z(-12).
7
Let q(n) = 4*n**2 + 45*n + 24. Give q(-10).
-26
Let b(l) = -2*l**3 + 7*l**2 - 5*l - 2. Give b(4).
-38
Let l(w) = 2*w - 11. Give l(14).
17
Let o(j) = j + 15. Calculate o(-8).
7
Let d(s) = s**2 + 5*s + 4. What is d(-7)?
18
Let q(a) = 2*a - 29. Give q(15).
1
Let t(g) = -g**2 - 3*g - 2. Give t(-6).
-20
Let s(z) = -25*z + 369. Give s(15).
-6
Let h(a) = -3*a - 23. Calculate h(-10).
7
Let r(t) = t**3 - 9*t**2 - 15*t - 80. What is r(11)?
-3
Let f(x) = -x**2 - 17*x - 5. Calculate f(-3).
37
Let m(g) = -83*g - 426. Give m(-5).
-11
Let m(x) = -x**2 + 11*x - 7. Calculate m(8).
17
Let d(c) = -6*c - 4. Determine d(-6).
32
Let g(u) = 2*u**2 - 51*u - 429. Calculate g(32).
-13
Let t(a) = 3*a - 3. Determine t(3).
6
Let u(f) = f - 13. Give u(11).
-2
Let u(q) = 2*q**3 - 2*q**2 - 2*q + 2. Calculate u(2).
6
Let d(j) = -j**2 - 10*j + 2. Calculate d(-7).
23
Let p(w) = -2*w**2 - 8*w - 3. What is p(-5)?
-13
Let u(l) = l**2 + l - 4. Determine u(-2).
-2
Let u(r) = -r + 2. Determine u(5).
-3
Let w(d) = -2*d**2 - 14*d - 13. Calculate w(-6).
-1
Let c(t) = -25*t + 39. Give c(6).
-111
Let n(l) = -l + 39. Give n(39).
0
Let i(q) = 27*q - 2. Determine i(0).
-2
Let z(o) = 6*o - 1. Determine z(-9).
-55
Let n(b) = -2*b**3 + 13*b**2 - 8*b + 20. Calculate n(6).
8
Let u(d) = d**3 + 16*d**2 + 54*d + 3. Calculate u(-11).
14
Let z(j) = j**2 - 16*j - 20. Give z(17).
-3
Let n(b) = 6*b + 3. Calculate n(0).
3
Let g(p) = p**3 + 35*p**2 + 64*p - 56. Give g(-33).
10
Let g(k) = k**2 - 8*k - 2. Calculate g(7).
-9
Let r(k) = k**2 + 6*k - 18. Give r(-8).
-2
Let s(a) = 3*a - 92. Calculate s(29).
-5
Let q(o) = -2*o**2 - 14*o - 8. Calculate q(-4).
16
Let z(b) = -b**2 + b + 23. Give z(0).
23
Let o(w) = 9*w + 2. Calculate o(-5).
-43
Let b(r) = -r - 10. What is b(11)?
-21
Let j(h) = -6*h - 21. What is j(-2)?
-9
Let w(x) = -x**2 - 6*x - 19. Calculate w(-7).
-26
Let v(s) = 2*s**2 + 2*s - 1. Calculate v(-3).
11
Let z(c) = -c**3 - 13*c**2 - 10*c + 19. Give z(-12).
-5
Let r(x) = x**2 - 7*x + 1. Give r(7).
1
Let q(i) = i**3 - 30*i**2 - 4*i + 100. Give q(30).
-20
Let o(s) = -16*s**3 - s. What is o(-1)?
17
Let o(r) = r**3 + 7*r**2 - 4*r - 53. Calculate o(-7).
-25
Let u(j) = -j - 15. Calculate u(-3).
-12
Let x(a) = -a**2 + 33*a + 334. What is x(41)?
6
Let w(c) = -c**3 - 9*c**2 - 2*c + 6. What is w(-6)?
-90
Let g(i) = -i**2 - 17*i - 23. Determine g(-15).
7
Let x(i) = -i**3 - i**2 + 5*i - 1. Determine x(-4).
27
Let s(i) = -i**3 - 9*i**2 - 3*i - 5. What is s(-8)?
-45
Let p(o) = o**3 + o**2 - 4*o - 6. What is p(-3)?
-12
Let r(i) = 4*i + 2. Give r(-3).
-10
Let p(h) = -2*h**2 + 35*h + 15. Give p(17).
32
Let k(g) = 2*g + 18. Determine k(0).
18
Let s(z) = -z + 1. Give s(20).
-19
Let o(a) = -3*a**3 - a**2 - 2*a + 2. What is o(1)?
-4
Let x(j) = -j**2 + 2*j + 10. Give x(0).
10
Let i(j) = 18*j + 571. Calculate i(-32).
-5
Let d(j) = -3*j**3 + 70*j**2 - 24*j + 19. Determine d(23).
-4
Let o(s) = 5*s**2 - s + 5. Determine o(3).
47
Let w(p) = -3*p - 55. Give w(-5).
-40
Let v(q) = -3*q**3 - q**2 - 2*q - 1. Give v(-1).
3
Let o(u) = 4*u + 23. Calculate o(-7).
-5
Let m(v) = -v**3 - 6*v**2 + 7*v - 10. Determine m(-7).
-10
Let f(l) = l - 3. Calculate f(5).
2
Let w(u) = 4*u + 1. Calculate w(-2).
-7
Let s(c) = -c**3 - 8*c**2 + 10*c. What is s(-9)?
-9
Let s(w) = -99*w**2 - 1. What is s(1)?
-100
Let t(a) = -13*a + 68. Determine t(-16).
276
Let q(m) = -2*m + 2. Determine q(4).
-6
Let f(c) = -c + 10. What is f(-15)?
25
Let s(x) = -2*x**2 + 33*x - 106. Calculate s(13).
-15
Let l(r) = -3*r + 11. Calculate l(-7).
32
Let g(o) = o**3 - 4*o**2 - 8*o + 14. Give g(2).
-10
Let k(i) = i + 6. What is k(-18)?
-12
Let a(x) = -3*x - 28. What is a(-10)?
2
Let m(d) = 2*d - 14. Calculate m(6).
-2
Let w(x) = -x**2 - 7*x + 117. What is w(-15)?
-3
Let t(n) = -2*n**3 + n**2 - n + 1. Determine t(1).
-1
Let t(i) = 2*i + 12. What is t(-21)?
-30
Let z(a) = 38*a - 179. What is z(5)?
11
Let v(j) = 4*j**2 - 3*j - 19. Give v(0).
-19
Let f(i) = -93*i**3 - i**2 - 2*i. Determine f(-1).
94
Let b(n) = -n**3 - 7*n**2 + 4*n - 36. Calculate b(-8).
-4
Let y(d) = -d**2 - 13*d - 6. What is y(-11)?
16
Let i(v) = -2*v + 62. What is i(-3)?
68
Let b(w) = w**2 - 36*w + 326. Give b(19).
3
Let w(r) = r - 3. Calculate w(8).
5
Let h(v) = v**2 + 4*v + 5. What is h(-3)?
2
Let o(f) = -3*f + 24. Calculate o(4).
12
Let y(p) = p**3 + 2*p**2 + 3*p + 5. Calculate y(-3).
-13
Let n(b) = b**2 + b + 30. Give n(8).
102
Let u(d) = -4*d**3 + d**2. Give u(-1).
5
Let q(j) = j**3 + 8*j**2 + j - 6. Calculate q(-7).
36
Let c(r) = -r**2 - 6*r - 12. Give c(-3).
-3
Let s(y) = y**3 - 6*y**2 - 6*y - 85. Calculate s(8).
-5
Let r(a) = 4*a**3 + a**2 + 3*a + 5. Determine r(-2).
-29
Let g(j) = -13*j + 26. Calculate g(5).
-39
Let c(v) = v**3 - 6*v**2 - v + 22. Calculate c(7).
64
Let g(c) = -c - 27. Give g(-14).
-13
Let l(h) = -h + 5. Give l(-6).
11
Let p(x) = -x**2 - 4*x - 3. Give p(-3).
0
Let a(u) = -u**3 - u**2 - u + 7. Give a(0).
7
Let b(n) = 3*n + 32. Give b(-9).
5
Let h(q) = 27*q**2 - 4*q - 3. Calculate h(-1).
28
Let i(g) = 2*g**2 - 16*g. Calculate i(8).
0
Let n(c) = -c**3 - 8*c**2 - 4*c + 17. What is n(-7)?
-4
Let q(f) = 2*f**3 + 13*f**2 - 132*f + 2. What is q(-12)?
2
Let a(u) = u**3 - 15*u**2 - 15*u + 11. Determine a(16).
27
Let k(u) = -2*u**2 - 23*u + 20. What is k(-14)?
-50
Let q(t) = -21*t + 382. Give q(18).
4
Let i(u) = u**3 + 2*u**2 - 82*u - 4. Calculate i(-10).
16
Let a(n) = 6*n - 35. Determine a(7).
7
Let w(q) = q**2 + 7*q - 18. Determine w(-9).
0
Let h(p) = 3*p**2 + 1. Determine h(1).
4
Let u(c) = -3*c + 8. What is u(-3)?
17
Let y(r) = 3*r - 77. Give y(15).
-32
Let n(c) = 6*c**2 - 12*c + 13. What is n(1)?
7
Let a(m) = -2*m**3 + 6*m - 3. What is a(2)?
-7
Let h(v) = -3*v**2 + 4*v + 7. Determine h(3).
-8
Let l(c) = 23*c - 1. What is l(1)?
22
Let y(v) = -v**3 - 2*v**2 - 2*v - 8. Calculate y(0).
-8
Let s(z) = -2*z**2 + 5*z - 14. Determine s(2).
-12
Let g(a) = 8*a + 3. Calculate g(3).
27
Let k(r) = 3*r + 17. Give k(-12).
-19
Let g(d) = -2*d + 14. Calculate g(8).
-2
Let n(o) = 2*o**3 - o**2 - o - 1. Calculate n(2).
9
Let x(h) = h**2 + 19*h + 15. Determine x(-18).
-3
Let w(f) = f + 75. Give w(-25).
50
Let t(c) = c**3 + 3*c**2 + c + 1. What is t(-3)?
-2
Let j(f) = -f**3 - 18*f**2 - 18*f - 16. What is j(-17)?
1
Let f(g) = g**3 - 5*g**2 - 9*g + 5. What is f(7)?
40
Let t(c) = 64*c**2 - c. Calculate t(1).
63
Let q(s) = s**2 + 69*s + 725. Calculate q(-56).
-3
Let f(v) = -v**2 + 10*v + 20. What is f(17)?
-99
Let f(i) = -2*i**3 + 12*i**2 - 16*i + 24. Determine f(5).
-6
Let f(h) = h**3 - 2*h**2 - 5*h + 2. Determine f(3).
-4
Let j(t) = -4*t - 1. Determine j(-3).
11
Let q(h) = -15*h - 4. Give q(-3).
41
Let b(f) = -f**2 + 7*f + 23. What is b(-3)?
-7
Let d(h) = 2*h**2 - 4*h + 1. Determine d(1).
-1
Let b(d) = -d**3 - 5*d**2 + 3*d + 2. Give b(-4).
-26
Let y(h) = h**2 - 3*h + 6. What is y(3)?
6
Let t(b) = -b**3 - 3*b**2 + 2*b + 46. Give t(0).
46
Let a(p) = 3*p - 1. Determine a(-1).
-4
Let a(w) = w**3 + 27*w**2 - 2*w - 54. Give a(-27).
0
Let a(j) = j**2 - 19*j - 113. Calculate a(23).
-21
Let m(g) = -2*g**3 - 52*g**2 - 4*g - 103. Determine m(-26).
1
Let j(a) = 2*a**2 + 43*a + 27. What is j(-21)?
6
Let s(l) = 2*l**2 - 5*l + 5. Calculate s(2).
3
Let v(r) = -r**2 + 5*r + 7. Give v(7).
-7
Let d(k) = -2*k**2 + k + 3. Determine d(-2).
-7
Let j(w) = w**3 - 5*w**2 - 8*w - 24. What is j(7)?
18
Let a(v) = v**2 - 22*v - 22. Give a(23).
1
Let i(c) = -c**2 - 16*c - 14. Calculate i(-16).
-14
Let o(p) = -p**2 - 24*p - 144. Calculate o(-13).
-1
Let g(y) = y**3 - 3*y**2 - 8*y - 56. What is g(6)?
